ulate the highest common factor of t and 176.
44
Let o = 18 + -51. Let j = o + 37. Suppose -9 = -j*m + 47. Calculate the greatest common divisor of 2 and m.
2
Let s be (-6)/(143/(82940/(-120))). Suppose -5*b = -593 - 2742. What is the greatest common factor of s and b?
29
Let s be 1175/(-6) + 2/(-12). Let u be (-522)/(-4)*s/(-294). Suppose p + 3*p - 112 = -2*i, -p = -5*i + 291. What is the highest common factor of u and i?
29
Let f be 190/133 - (-176)/14. Calculate the highest common divisor of 224 and f.
14
Suppose -21*n + 2036 + 3288 = -22165. Calculate the greatest common factor of 1785 and n.
119
Let b(t) = 6*t - 41. Let q be b(7). Let c be (-236)/(q + -5) + -5. Calculate the highest common divisor of c and 27.
27
Suppose -4*s + 168 = 3*t, -47*s + 42 = -46*s - 4*t. Calculate the highest common factor of s and 777.
21
Let d(i) = i**2 - 23*i + 95. Let o be d(5). Suppose -5*f - 5*n = -120, -o*f - 14*n = -13*n - 112. What is the greatest common factor of 550 and f?
22
Let k(a) = a**3 + 7*a**2 - 58*a + 7. Let q be k(5). What is the greatest common factor of q and 68?
17
Let t(d) = d**3 - 8*d**2 - 15*d - 14. Let a(v) = -v**3 - v**2 - v. Let f(q) = -2*a(q) - t(q). Let s be f(-7). Calculate the highest common divisor of 14 and s.
14
Let x(i) = -2*i - 9. Let u be x(3). Let a be ((-630)/4)/u - 2/4. What is the greatest common factor of a and 6?
2
Let i = -15019 + 37231. Calculate the greatest common factor of 36 and i.
36
Let b be 370/(-40)*(8 + 0). Let f = -62 - b. Calculate the greatest common factor of 1536 and f.
12
Let q(j) = 1569*j**2 - 1. Let b be q(1). Suppose 2*c = 2, -5*f - c + 1083 + b = 0. Let o = f + -338. What is the highest common factor of o and 24?
24
Suppose 914272 - 124288 = 96*y. Calculate the highest common factor of y and 39.
39
Suppose -u - m = -13, -u + 2*m = -5*u + 48. Let r be u/2*(0 - -2). Suppose 3*o - 605 = 14*o - 22*o. Calculate the highest common divisor of r and o.
11
Let s = -2 + 0. Let n(v) = -45*v**3 + 4*v**2 + 5*v + 5. Let j be n(s). Let c = j - 254. Calculate the greatest common factor of c and 13.
13
Let u be 6/(-39) + 4236/156. Let f(k) = -k**3 - 3*k**2 + 4*k + 5. Let a be f(-2). Let t be a + 4 + 6/1. What is the greatest common divisor of u and t?
3
Suppose 2*c - 1842 = -5*o, 0 = -2*c + 12. What is the highest common factor of o and 10187?
61
Let w be 1300*(27/(-30))/((-18)/15). Suppose d + 14*d = w. Calculate the greatest common factor of d and 78.
13
Suppose 491 + 1447 = 17*u. Suppose 34*v - 6597 = 6969. What is the greatest common divisor of u and v?
57
Suppose 0 = j - 4*o - 83, 2*j - 14*o = -18*o + 46. Let t = 716 + -501. Calculate the highest common factor of j and t.
43
Let t(a) = 105 - 9 - 25 - 26 + 3*a. Let f be t(6). Let x(r) = -22*r**3 - r**2 + r + 1. Let j be x(-1). Calculate the greatest common factor of f and j.
21
Let h(i) = -250*i - 2512. Let g be h(-14). Calculate the greatest common divisor of g and 884.
52
Let q(y) be the second derivative of y**4/12 + 5*y**3/2 + 53*y**2/2 + 2*y + 43. Let v be q(-5). Calculate the greatest common divisor of 8 and v.
1
Let r = 198 - 118. Suppose -4*k + 68 = -2*y, -5*y - 3*k - 245 = 2*k. Let u = y + r. What is the highest common factor of 90 and u?
18
Let i(w) = 958*w + 6443. Let g be i(10). What is the highest common factor of 294 and g?
147
Suppose 0 = -21*p + 209 + 164 - 100. Let i be (-6)/(-15) - -3*2/10. What is the highest common factor of i and p?
1
Suppose 0 = -3*u - 0*u + 18. Suppose 61 = 3*a - 5*n, 0 = -2*a - 4*n + 3 + 67. What is the highest common divisor of u and a?
3
Let w = 253 - 256. Let y(s) = -2*s**3 - 2*s**2 + 9*s + 8. Let t be y(w). What is the greatest common divisor of 289 and t?
17
Suppose u - 114 - 228 = -2*v, -506 = -3*v - 5*u. What is the greatest common divisor of v and 19952?
172
Let r be (0 - 71/(-2)) + (-72)/(-144). Calculate the greatest common divisor of 312 and r.
12
Suppose 4*z - 5*y = 498, -3*z + 20*y - 21*y = -402. Calculate the greatest common factor of 990 and z.
66
Let x be (-18)/(-30) - -3*57/15. Let m = -378 - -582. What is the greatest common factor of x and m?
12
Let x = -8696 + 9321. What is the highest common divisor of 1 and x?
1
Let b(i) = 30090*i**2 - 99*i + 1. Let c be b(-1). What is the highest common divisor of 10 and c?
10
Suppose 0*y = -y + 3. Let o be (6*(-8)/(-30))/(2/10). Let d be (88/y)/(o/12). Calculate the highest common factor of 11 and d.
11
Let l(y) = -238*y - 68. Let u be l(-5). What is the greatest common factor of u and 238?
34
Let d(g) = 3*g**3 + 5*g**2 - 2*g - 31. Let l be d(-6). Let j = l - -559. What is the highest common factor of j and 48?
24
Suppose 3*c - 175 = 2*c. Suppose -7*m - 1820 = -2*m. Let l be 25/(-2)*m/65. What is the highest common factor of c and l?
35
Suppose 0 = -2*d - 8, -4*k + 2*d + 32868 = 5*d. Calculate the greatest common divisor of 300 and k.
60
Let o be -7 - ((-91)/14 - -5)*66. What is the greatest common divisor of 7268 and o?
92
Let j = 1305 + -1259. What is the greatest common factor of 3082 and j?
46
Suppose -14 = -7*o + 14. Let y be o/(-10) + 512/80. What is the greatest common factor of 27 and y?
3
Let t(q) = -q**3 - 6*q**2 - 10*q - 3. Let p be t(-4). Let r = p - -43. Let l(x) = -x**2 + 9*x - 4. Let h be l(5). What is the highest common factor of r and h?
16
Let l = 1140 - 904. What is the greatest common factor of l and 2537?
59
Let q(s) = -19*s**2 + 1005*s + 123. Let m be q(53). Calculate the greatest common factor of m and 15997.
17
Suppose 13*y + 2*i = 10*y + 8487, 9 = -3*i. What is the highest common factor of 152 and y?
19
Suppose -2*z + 157 + 365 = 5*l, 534 = 5*l + 4*z. What is the highest common factor of l and 18?
6
Let i(d) = -2*d**3 + 5*d**2 + 34*d + 211. Let f be i(-7). What is the highest common factor of 1243 and f?
113
Let w = -404 - -407. Let r be 240/2 - (2 - -1 - w). Calculate the greatest common divisor of r and 150.
30
Let k = -1843 + 2161. Calculate the greatest common factor of 282 and k.
6
Let d(g) = -6*g**2 + 88*g + 7. Let p be d(14). Suppose 148 = 3*f - 41. What is the highest common divisor of f and p?
63
Let z = 23 - 21. Let m be 299*z/(-18) + (-6)/(-27). Let p = 57 - m. Calculate the greatest common divisor of 20 and p.
10
Let i = 77 - 77. Suppose i = -16*r + 7*r + 333. What is the greatest common divisor of r and 74?
37
Let b be ((-10 - -1) + 1)/(-2). Calculate the greatest common divisor of 404 and b.
4
Suppose -4*q + 3*u = 523, -5*q + 2*u = 4*u + 671. Let y = -52 - q. Let z = -32 + y. What is the highest common divisor of z and 7?
7
Suppose -9 = -2*a - a. Let w(p) = p**2 + 8*p + 19. Let b be w(-6). Let h = b + -4. What is the greatest common factor of a and h?
3
Suppose 5*c - 11785 = -5*y, 4*c = -2*y - 2920 + 12354. What is the greatest common divisor of c and 240?
40
Let j(s) = s**3 + s**2 + s + 207. Let g be j(0). Let h be 10/(-2) + (-1 - -4) + -356. Let z = -335 - h. Calculate the greatest common divisor of z and g.
23
Let k = -57 + 188. Let t be k/19 + ((-1316)/133 - -10). Let i(y) = -55*y + 1. Let r be i(-1). What is the greatest common divisor of t and r?
7
Let b(h) = -37*h**2 - 39*h - 30. Let u be b(-6). Let k = 1940 + u. Calculate the highest common factor of k and 28.
28
Let h be (3 + 30/(-18))*(-9)/3. Let z be -28*h*26/32. What is the highest common factor of 78 and z?
13
Let d = 98 + -35. Let j be (-6)/(-4) - 5/((-10)/d). What is the highest common divisor of 66 and j?
33
Let z be 528/9 + (-12)/(-9). Let w be -4 + (-259)/(-35) + 6/(-15). Calculate the highest common divisor of w and z.
3
Suppose 41*v + 3*y - 51 = 36*v, v - 6 = -2*y. Calculate the greatest common factor of v and 1338.
6
Suppose i - 13 = 5*f, -f = 3*i - 12 - 11. Let h be 735/28 + 6/i. Let v = h - 23. What is the greatest common divisor of v and 28?
4
Suppose -19*x = -28*x + 252. Suppose 34*k = x*k + 234. Suppose o - 2*o + 195 = 0. What is the greatest common divisor of o and k?
39
Suppose -y + 3*y - 252 = 0. Suppose 291*u - 1105*u = 685*u - 62958. Calculate the highest common divisor of y and u.
42
Let b = 113 + -77. Let f(l) = 28*l**2 + 491*l - 335. Let a be f(-19). What is the greatest common divisor of a and b?
12
Let u = -4 - -9. Suppose 67 = 3*h + 10. Suppose u*r = 3*b - h, -3*r - 13 = -b - b. Calculate the greatest common factor of b and 80.
8
Sup